
25
Let h(o) = o**2 + 1180*o + 5869. Calculate h(-5).
-6
Let r(u) = -8*u**2 + 288. Determine r(6).
0
Let a(u) = u**2 + 155*u + 2569. Determine a(-19).
-15
Let q(i) = -i**2 - 81*i - 1143. What is q(-57)?
225
Let f(v) = 105*v + 2257. What is f(-20)?
157
Let v(g) = 2*g**2 - 654*g - 1305. What is v(-2)?
11
Let u(q) = -229*q - 175. Determine u(-1).
54
Let z(w) = 8*w**2 + 12*w + 18. What is z(-3)?
54
Let o(u) = u**3 + 6*u**2 - 13*u. Determine o(-6).
78
Let i(k) = k**3 - 22*k**2 - 12*k + 679. Give i(21).
-14
Let r(q) = -2*q**2 + 54*q - 43. What is r(23)?
141
Let j(m) = m**3 - 48*m**2 - 150*m + 2472. Calculate j(50).
-28
Let v(f) = -2*f**2 + 4*f - 115. Calculate v(0).
-115
Let y(q) = 2*q**2 + 12*q + 25. What is y(-2)?
9
Let u(x) = 477*x + 8583. Calculate u(-18).
-3
Let x(r) = -r**3 + 11*r**2 - 221*r + 2093. What is x(10)?
-17
Let j(n) = 4*n**2 + 20*n - 51. Determine j(-7).
5
Let d(u) = -u**3 + 40*u**2 - 151*u + 144. Determine d(36).
-108
Let u(r) = -r**3 + 189*r**2 - 8420*r - 280. Determine u(72).
8
Let h(o) = -11*o**3 - 5*o**2 - 12*o - 15. Give h(-2).
77
Let g(o) = 3*o**2 - 80*o - 733. What is g(-7)?
-26
Let a(p) = 4*p - 62. Determine a(-24).
-158
Let t(c) = -49*c + 187. Give t(6).
-107
Let w(t) = -44*t - 270. What is w(-6)?
-6
Let x(g) = 16*g**2 + 276*g - 1771. Calculate x(5).
9
Let z(a) = 2*a**3 + 5*a**2 - 12*a - 31. Give z(-2).
-3
Let m(b) = -b**3 - 23*b**2 + 65*b + 956. Calculate m(-24).
-28
Let f(d) = 20*d + 46. Determine f(-1).
26
Let l(z) = z**3 - 19*z**2 - 5*z - 36. Calculate l(19).
-131
Let c(h) = h**2 - 183*h + 2369. Give c(14).
3
Let o(m) = -m**3 - 19*m**2 + 21*m + 31. What is o(-20)?
11
Let i(h) = h**2 - 33*h - 2379. Calculate i(68).
1
Let r(x) = -2*x**3 + 82*x**2 - 423*x + 103. Calculate r(35).
-2
Let f(h) = -1939*h - 3879. What is f(-2)?
-1
Let w(c) = -c**3 - 9*c**2 + 35*c - 104. What is w(-13)?
117
Let m(s) = -7423*s - 200418. What is m(-27)?
3
Let n(r) = -r**2 + 25*r - 43. What is n(13)?
113
Let b(h) = -4*h**3 - 27*h**2 + 6*h - 14. Calculate b(-7).
-7
Let a(m) = 4*m**2 + 195*m - 52. Determine a(-49).
-3
Let r(j) = -50*j + 288. What is r(6)?
-12
Let n(g) = g**2 - 108*g - 213. Calculate n(110).
7
Let s(r) = 3*r**2 + 1063*r + 7633. What is s(-347)?
-1
Let d(c) = 4*c**2 + 77*c + 134. Determine d(-2).
-4
Let s(d) = 3*d**2 + 304*d + 589. Determine s(-2).
-7
Let t(u) = -425*u - 12326. What is t(-29)?
-1
Let o(k) = -604*k - 12675. Give o(-21).
9
Let g(o) = o**3 + 35*o**2 + 61*o - 178. Give g(-33).
-13
Let q(f) = 43*f**2 - 9676*f + 228. Give q(225).
3
Let n(g) = -g**2 + 30*g - 189. Give n(7).
-28
Let s(v) = -v**3 - 2*v**2 + 37*v - 14. Calculate s(-8).
74
Let y(s) = s**2 + 92*s + 506. Give y(-6).
-10
Let y(n) = n**3 - 3*n**2 + 148. Calculate y(0).
148
Let u(i) = 134*i + 4694. Give u(-35).
4
Let p(v) = -10*v**2 + 966*v + 6584. Determine p(103).
-8
Let l(n) = -19*n - 127. Determine l(-21).
272
Let q(t) = -2*t**3 + 6*t**2 + 38*t - 82. Determine q(2).
2
Let u(j) = 4*j**3 - j**2 + 8*j - 40. Determine u(3).
83
Let i(o) = 28*o + 140. Calculate i(-5).
0
Let c(j) = 320*j**3 - 2*j**2 - 6*j - 4. Calculate c(-1).
-320
Let v(a) = 2*a**2 + 65*a + 457. Give v(-18).
-65
Let q(j) = -j**3 - 30*j**2 + 3*j + 91. What is q(-30)?
1
Let w(m) = -m**3 - 7*m**2 - 7*m + 13. Give w(-5).
-2
Let k(j) = -j**2 - 7*j + 2346. What is k(-52)?
6
Let p(c) = -3*c**3 - 291*c**2 - 6787*c - 49. Determine p(-39).
-10
Let h(n) = -n**3 - 6*n**2 - 7*n - 104. Calculate h(-6).
-62
Let w(q) = 2*q**2 - q - 23. Give w(-5).
32
Let a(j) = -24*j + 569. What is a(23)?
17
Let k(q) = -132*q + 13. Determine k(1).
-119
Let w(x) = 11*x + 285. Determine w(-23).
32
Let r(q) = -2*q**3 + 32*q**2 + 31*q + 45. What is r(17)?
-6
Let p(l) = l**2 + 32*l + 84. Calculate p(-29).
-3
Let z(y) = y**3 + 27*y**2 + 108*y - 10. Calculate z(-7).
214
Let f(b) = -6*b**2 - 861*b - 341. Determine f(-143).
88
Let t(z) = z**3 - 7*z**2 - 21*z + 27. What is t(9)?
0
Let g(a) = a - 12. Determine g(-54).
-66
Let i(n) = 322*n + 2893. Give i(-9).
-5
Let y(u) = -u**2 - 92*u - 1569. Calculate y(-42).
531
Let l(n) = 1299*n + 10390. Calculate l(-8).
-2
Let j(u) = -109*u**3 + 5*u**2 + 4*u. Give j(-1).
110
Let i(p) = -25*p + 354. Calculate i(15).
-21
Let g(j) = -j**2 - 17*j - 616. Calculate g(0).
-616
Let z(d) = -5*d**3 + 82*d**2 + 52*d + 31. Give z(17).
48
Let v(s) = s**2 - 46*s - 835. What is v(-14)?
5
Let w(b) = -b**2 + 98*b - 1599. Calculate w(77).
18
Let k(s) = -1118*s - 118513. Give k(-106).
-5
Let s(o) = -o**3 - 7*o**2 + 12*o + 6. Give s(-4).
-90
Let f(q) = -611*q + 3083. Give f(5).
28
Let c(x) = 1218*x + 19484. What is c(-16)?
-4
Let h(r) = -20*r - 655. Determine h(-49).
325
Let q(d) = 1256*d + 7543. Give q(-6).
7
Let k(f) = -f**3 - 20*f**2 - 86*f - 19. Determine k(-14).
9
Let q(p) = p**3 + 123*p**2 + 62*p - 7318. Calculate q(-122).
2
Let s(u) = -2*u**3 - 42*u**2 - 41*u - 9. Determine s(-20).
11
Let o(r) = -170*r - 844. Determine o(-5).
6
Let m(o) = o**2 + 42*o - 3920. What is m(45)?
-5
Let n(v) = 2*v + 54. What is n(-6)?
42
Let d(r) = 2*r**3 - 7*r**2 - 15*r - 4. Give d(5).
-4
Let h(c) = -4*c - 52. What is h(-11)?
-8
Let t(c) = -c**2 - 25*c - 67. Determine t(-20).
33
Let h(l) = 2*l**3 + 28*l**2 - 8*l - 62. Determine h(-14).
50
Let i(f) = -f**3 + 60*f**2 - 771*f - 318. Determine i(41).
10
Let b(f) = 57*f + 265. Give b(-5).
-20
Let u(c) = 38*c + 39. Calculate u(-8).
-265
Let k(l) = -4347*l + 586846. Calculate k(135).
1
Let a(j) = j**3 + 19*j**2 - 16*j + 37. What is a(-19)?
341
Let w(x) = x**3 - 7*x**2 + 15*x - 16. Determine w(5).
9
Let f(x) = x**3 - 17*x**2 - 5*x + 113. Give f(17).
28
Let v(s) = 3*s**2 - 17*s + 6. Give v(5).
-4
Let i(x) = -x**3 - 82*x**2 - 733*x - 931. Determine i(-72).
5
Let h(k) = 167*k - 62. Calculate h(3).
439
Let d(s) = s**3 + 17*s**2 - 21*s + 51. Determine d(-18).
105
Let z(l) = -l**2 + 78*l + 78. What is z(79)?
-1
Let l(c) = c**2 + 562*c - 7479. What is l(13)?
-4
Let u(o) = -76*o**2 + 13068*o + 694. Calculate u(172).
6
Let h(a) = 3*a**2 - 56*a - 1426. Give h(-18).
554
Let j(c) = -c**2 - 155*c + 1560. Calculate j(9).
84
Let p(m) = m**3 - 44*m**2 + 256*m + 8. Calculate p(7).
-13
Let d(r) = 36*r**2 + 2312*r + 497. Calculate d(-64).
-15
Let x(j) = -139*j - 829. What is x(-6)?
5
Let p(n) = -n**2 - 4702*n - 37551. What is p(-8)?
1
Let a(p) = -p**2 - 3*p + 8381. Calculate a(90).
11
Let m(t) = t**3 + 34*t**2 - 66*t - 3260. Calculate m(-33).
7
Let a(z) = -z**3 - 126*z**2 - 130*z - 657. What is a(-125)?
-32
Let t(v) = -12*v**2 - 2397*v + 606. What is t(-200)?
6
Let u(a) = -47*a + 19. What is u(1)?
-28
Let h(c) = -9*c**2 - 374*c + 14. What is h(-43)?
-545
Let d(b) = -2*b**2 + 76*b + 1049. What is d(49)?
-29
Let f(q) = q**2 + 14*q + 79. Give f(-6).
31
Let k(r) = -r**3 + 29*r**2 - 74*r - 109. Determine k(26).
-5
Let l(g) = -g**2 + 573*g + 10023. What is l(-17)?
-7
Let r(t) = -2*t**3 + 37*t**2 - 14*t - 96. Give r(18).
-24
Let y(s) = -18*s + 15. Determine y(1).
-3
Let n(p) = p**3 - 24*p**2 + 185*p - 1720. Calculate n(19).
-10
Let f(b) = -b**2 - 33*b - 65. Determine f(15).
-785
Let w(n) = 108*n - 1712. Give w(16).
16
Let u(x) = -x**3 - 126*x**2 + 163*x + 4559. Calculate u(-127).
-13
Let z(g) = -66*g - 15. Determine z(0).
-15
Let i(g) = -g**3 - 17*g**2 - 10*g + 40. What is i(-16)?
-56
Let b(m) = 27*m**2 + 1430*m + 9. Determine b(-53).
62
Let m(s) = -5409*s + 32478. Calculate m(6).
24
Let v(o) = 90*o + 1856. Calculate v(-15).
506
Let i(g) = -5*g**3 + 81*g**2 - 38*g + 46. Determine i(16).
-306
Let y(f) = -114*f + 3081. Give y(27).
3
Let k(p) = -41*p + 570. Calculate k(15).
-45
Let t(i) = 9*i**3 + 4*i**2 - 23*i - 84. What is t(-3)?
-222
Let s(d) = 9*d**2 + 50*d. Determine s(4).
344
Let g(u) = u**2 - u - 213. Give g(-16).
59
Let v(y) = y**3 - 26*y**2 - 27*y + 726. Calculate v(26).
24
Let i(r) = -3*r**2 - 105*r + 301. What is i(-38)?
-41
Let w(b) = 13*b - 101. Calculate w(26).
237
Let v(m) = -m**3 + 21*m**2 - 105*m + 205. What is v(15)?
-20
Let q(i) = i**3 + 46*i**2 - 203*i - 71. What is q(-50)?
79
Let v(m) = m**2 - 5*m + 2. Determine v(-3).
26
Let u(m) = 645*m - 639. Give u(1).
6
Let y(m) = 156*m - 55995. Calculate y(359).
9
Let u(f) = -2*f**3 - 333*f**2 + 168*f + 168. Calculate u(-167).
1
Let y(r) = -2*r**2 + 62*r - 454. What is y(12)?
2
Let m(x) = -x**3 + 61*x**2 - 340*x + 9. What is m(6)?
-51
Let d(u) = -u**3 - 23*u**2 + 4